44.
36
Calculate the highest common divisor of 4184 and 8.
8
What is the highest common factor of 3280 and 280?
40
Calculate the greatest common divisor of 295 and 59.
59
What is the greatest common divisor of 8 and 296?
8
What is the highest common divisor of 138 and 1173?
69
What is the greatest common factor of 60 and 42?
6
Calculate the greatest common factor of 63 and 1883.
7
Calculate the greatest common divisor of 3 and 469.
1
Calculate the highest common factor of 3 and 98.
1
What is the highest common divisor of 3 and 51?
3
What is the highest common divisor of 320 and 8560?
80
What is the greatest common divisor of 715 and 130?
65
What is the highest common factor of 171 and 437?
19
What is the highest common divisor of 372 and 5704?
124
Calculate the highest common factor of 2079 and 9.
9
What is the greatest common factor of 905 and 10?
5
What is the highest common divisor of 944 and 304?
16
Calculate the highest common divisor of 184 and 19504.
184
What is the greatest common factor of 109 and 1?
1
What is the greatest common factor of 1462 and 258?
86
Calculate the greatest common factor of 41228 and 44.
44
What is the greatest common factor of 252 and 144?
36
What is the greatest common factor of 16 and 428?
4
What is the greatest common divisor of 288 and 96?
96
Calculate the greatest common divisor of 20 and 655.
5
Calculate the highest common divisor of 4 and 161.
1
Calculate the greatest common factor of 297 and 27.
27
What is the highest common divisor of 164 and 1312?
164
Calculate the highest common factor of 3017 and 7.
7
What is the highest common divisor of 134 and 2077?
67
What is the highest common factor of 324 and 12?
12
What is the greatest common divisor of 976 and 6100?
244
Calculate the greatest common factor of 4508 and 230.
46
Calculate the highest common divisor of 64 and 40.
8
What is the greatest common divisor of 32 and 416?
32
What is the greatest common factor of 8 and 2644?
4
What is the highest common divisor of 40 and 580?
20
What is the highest common divisor of 33 and 4411?
11
Calculate the highest common divisor of 56 and 1208.
8
What is the greatest common divisor of 142 and 14839?
71
Calculate the highest common divisor of 194 and 22.
2
Calculate the highest common divisor of 572 and 429.
143
What is the highest common divisor of 325 and 26?
13
What is the highest common factor of 9284 and 211?
211
What is the highest common divisor of 2560 and 20?
20
Calculate the highest common divisor of 86033 and 227.
227
What is the highest common divisor of 190 and 91010?
190
What is the greatest common factor of 15 and 9195?
15
What is the highest common factor of 427 and 7?
7
Calculate the highest common factor of 35 and 1505.
35
What is the greatest common divisor of 10695 and 30?
15
What is the greatest common factor of 33 and 27?
3
What is the highest common factor of 168 and 616?
56
Calculate the highest common divisor of 3500 and 364.
28
What is the greatest common factor of 89 and 801?
89
Calculate the highest common divisor of 16 and 1080.
8
Calculate the greatest common factor of 5557 and 1.
1
Calculate the highest common factor of 29 and 47531.
29
Calculate the greatest common divisor of 14 and 9919.
7
What is the greatest common factor of 3991 and 39?
13
Calculate the highest common factor of 51 and 85.
17
Calculate the highest common factor of 234 and 338.
26
What is the highest common factor of 18 and 5013?
9
What is the highest common factor of 935 and 17?
17
Calculate the greatest common divisor of 72 and 1314.
18
Calculate the greatest common divisor of 16 and 23.
1
Calculate the highest common factor of 115 and 10.
5
Calculate the highest common divisor of 14 and 34.
2
What is the highest common factor of 178 and 89?
89
Calculate the greatest common divisor of 310 and 400.
10
What is the highest common factor of 18 and 522?
18
Calculate the highest common divisor of 42 and 7413.
21
Calculate the highest common factor of 18 and 198.
18
What is the greatest common divisor of 3172 and 52?
52
What is the greatest common divisor of 13621 and 53?
53
What is the highest common factor of 265 and 689?
53
What is the greatest common divisor of 870 and 1914?
174
What is the greatest common factor of 21 and 30?
3
Calculate the greatest common divisor of 75 and 135.
15
Calculate the highest common divisor of 90 and 126.
18
What is the greatest common factor of 398 and 2587?
199
What is the highest common divisor of 32 and 9232?
16
Calculate the highest common factor of 12 and 1644.
12
Calculate the highest common factor of 64 and 6432.
32
Calculate the highest common divisor of 60 and 27.
3
What is the highest common divisor of 636 and 12?
12
Calculate the highest common divisor of 270 and 78.
6
What is the greatest common factor of 13 and 1079?
13
What is the highest common divisor of 754 and 26?
26
What is the greatest common divisor of 688 and 16?
16
What is the greatest common factor of 1888 and 32?
32
Calculate the highest common factor of 84 and 420.
84
What is the highest common factor of 34 and 357?
17
Calculate the highest common divisor of 57 and 1577.
19
What is the greatest common factor of 35 and 301?
7
What is the greatest common divisor of 12 and 1768?
4
Calculate the greatest common divisor of 79 and 6794.
79
Calculate the greatest common divisor of 66 and 16038.
66
What is the greatest common divisor of 18 and 387?
9
What is the highest common factor of 79 and 79?
79
What is the highest common divisor of 3231 and 718?
359
What is the highest common factor of 221 and 13?
13
What is the highest common divisor of 220 and 2024?
44
Calculate the highest common divisor of 4 and 512.
4
Calculate the greatest common divisor of 505 and 5.
5
Calculate the greatest common divisor of 30 and 345.
15
What is the highest common factor of 3625 and 250?
125
Calculate the greatest common divisor of 56 and 18508.
28
What is the highest common divisor of 2943 and 218?
109
What is the greatest common factor of 15 and 11415?
15
Calculate the highest common divisor of 575 and 23.
23
Calculate the highest common divisor of 52 and 1417.
13
What is the greatest common divisor of 4202 and 308?
22
What is the greatest common factor of 19 and 4313?
19
What is the greatest common divisor of 792 and 81?
9
Calculate the greatest common factor of 190 and 798.
38
What is the highest common divisor of 918 and 594?
54
What is the highest common divisor of 1240 and 130?
10
Calculate the highest common divisor of 171 and 76.
19
What is the highest common factor of 14 and 238?
14
What is the greatest common divisor of 918 and 68?
34
Calculate the highest common factor of 4 and 514.
2
What is the highest common factor of 10 and 11255?
5
What is the greatest common factor of 428 and 16?
4
What is the highest common divisor of 26 and 16?
2
What is the highest common divisor of 183 and 1037?
61
Calculate the greatest common factor of 16848 and 156.
156
Calculate the highest common factor of 56 and 104.
8
What is the highest common divisor of 7533 and 31?
31
Calculate the highest common divisor of 333 and 555.
111
What is the highest common divisor of 2 and 2774?
2
Calculate the greatest common factor of 2 and 169.
1
What is the greatest common factor of 754 and 2496?
26
Calculate the highest common divisor of 32 and 54224.
16
Calculate the highest common factor of 9926 and 42.
14
What is the greatest common factor of 35 and 21?
7
What is the greatest common factor of 39 and 6?
3
What is the highest common divisor of 37854 and 54?
54
Calculate the greatest common divisor of 630 and 84.
42
Calculate the greatest common divisor of 589 and 713.
31
Calculate the highest common divisor of 7314 and 414.
138
What is the highest common divisor of 180 and 1530?
90
Calculate the greatest common divisor of 12636 and 117.
117
Calculate the greatest common divisor of 41712 and 176.
176
What is the highest common divisor of 36 and 40?
4
Calculate the highest common divisor of 1824 and 399.
57
What is the greatest common factor of 57 and 1881?
57
Calculate the highest common factor of 345 and 495.
15
Calculate the highest common divisor of 375 and 75.
75
What is the highest common factor of 609 and 189?
21
What is the greatest common div